e thousands digit of 7635?
7
What is the units digit of 2325?
5
What is the hundreds digit of 132?
1
What is the hundreds digit of 18606?
6
What is the ten thousands digit of 14728?
1
What is the thousands digit of 1176?
1
What is the thousands digit of 2805?
2
What is the tens digit of 4968?
6
What is the thousands digit of 4436?
4
What is the units digit of 521?
1
What is the tens digit of 3010?
1
What is the thousands digit of 6686?
6
What is the hundreds digit of 9091?
0
What is the hundreds digit of 9363?
3
What is the tens digit of 37751?
5
What is the tens digit of 1629?
2
What is the thousands digit of 48038?
8
What is the hundreds digit of 6948?
9
What is the ten thousands digit of 49171?
4
What is the hundreds digit of 541?
5
What is the tens digit of 829?
2
What is the hundreds digit of 2840?
8
What is the thousands digit of 62332?
2
What is the units digit of 915?
5
What is the units digit of 16570?
0
What is the hundreds digit of 14979?
9
What is the tens digit of 121839?
3
What is the ten thousands digit of 27193?
2
What is the thousands digit of 2558?
2
What is the units digit of 702?
2
What is the thousands digit of 10591?
0
What is the tens digit of 3508?
0
What is the hundreds digit of 34329?
3
What is the thousands digit of 20820?
0
What is the tens digit of 89?
8
What is the tens digit of 48683?
8
What is the tens digit of 8306?
0
What is the tens digit of 11234?
3
What is the units digit of 13358?
8
What is the tens digit of 193?
9
What is the tens digit of 844?
4
What is the units digit of 3944?
4
What is the units digit of 5032?
2
What is the hundreds digit of 20447?
4
What is the units digit of 1815?
5
What is the hundreds digit of 3829?
8
What is the units digit of 2684?
4
What is the units digit of 2423?
3
What is the hundreds digit of 297?
2
What is the tens digit of 2502?
0
What is the tens digit of 10356?
5
What is the tens digit of 2321?
2
What is the units digit of 57736?
6
What is the thousands digit of 1394?
1
What is the ten thousands digit of 34364?
3
What is the hundreds digit of 25533?
5
What is the units digit of 4130?
0
What is the units digit of 847?
7
What is the hundreds digit of 19648?
6
What is the units digit of 18218?
8
What is the hundreds digit of 2829?
8
What is the units digit of 8610?
0
What is the tens digit of 368?
6
What is the tens digit of 49543?
4
What is the tens digit of 4103?
0
What is the ten thousands digit of 13350?
1
What is the thousands digit of 1406?
1
What is the units digit of 14624?
4
What is the hundreds digit of 52536?
5
What is the hundreds digit of 182359?
3
What is the thousands digit of 51993?
1
What is the tens digit of 342?
4
What is the thousands digit of 1612?
1
What is the units digit of 10170?
0
What is the tens digit of 691?
9
What is the units digit of 7536?
6
What is the hundreds digit of 2578?
5
What is the thousands digit of 37637?
7
What is the thousands digit of 16675?
6
What is the tens digit of 454?
5
What is the hundreds digit of 4617?
6
What is the tens digit of 40382?
8
What is the thousands digit of 16885?
6
What is the tens digit of 5417?
1
What is the thousands digit of 19461?
9
What is the thousands digit of 1375?
1
What is the thousands digit of 6075?
6
What is the tens digit of 1267?
6
What is the thousands digit of 129881?
9
What is the hundreds digit of 2392?
3
What is the hundreds digit of 4412?
4
What is the thousands digit of 1798?
1
What is the tens digit of 73?
7
What is the units digit of 378?
8
What is the thousands digit of 3436?
3
What is the hundreds digit of 12926?
9
What is the units digit of 10704?
4
What is the tens digit of 37032?
3
What is the tens digit of 143?
4
What is the hundreds digit of 7939?
9
What is the units digit of 670?
0
What is the thousands digit of 2469?
2
What is the tens digit of 239?
3
What is the units digit of 5240?
0
What is the hundreds digit of 297?
2
What is the hundreds digit of 30478?
4
What is the hundreds digit of 823?
8
What is the hundreds digit of 508?
5
What is the hundreds digit of 37463?
4
What is the hundreds digit of 4881?
8
What is the tens digit of 2816?
1
What is the units digit of 750?
0
What is the units digit of 4630?
0
What is the thousands digit of 11538?
1
What is the thousands digit of 124429?
4
What is the ten thousands digit of 115161?
1
What is the units digit of 3563?
3
What is the units digit of 16922?
2
What is the tens digit of 4009?
0
What is the units digit of 1087?
7
What is the thousands digit of 1278?
1
What is the hundreds digit of 280?
2
What is the units digit of 38589?
9
What is the units digit of 7906?
6
What is the thousands digit of 123906?
3
What is the thousands digit of 8650?
8
What is the thousands digit of 69334?
9
What is the tens digit of 12527?
2
What is the hundreds digit of 3837?
8
What is the tens digit of 3806?
0
What is the thousands digit of 42524?
2
What is the thousands digit of 74233?
4
What is the tens digit of 5627?
2
What is the units digit of 11784?
4
What is the hundreds digit of 20667?
6
What is the tens digit of 1006?
0
What is the hundreds digit of 516?
5
What is the hundreds digit of 25806?
8
What is the tens digit of 178932?
3
What is the tens digit of 107972?
7
What is the tens digit of 27018?
1
What is the units digit of 18004?
4
What is the tens digit of 1624?
2
What is the units digit of 4204?
4
What is the tens digit of 623?
2
What is the tens digit of 3874?
7
What is the tens digit of 134?
3
What is the hundreds digit of 1085?
0
What is the units digit of 948?
8
What is the ten thousands digit of 34940?
3
What is the hundreds digit of 1499?
4
What is the tens digit of 69145?
4
What is the hundreds digit of 172?
1
What is the ten thousands digit of 18691?
1
What is the tens digit of 1499?
9
What is the hundreds digit of 23008?
0
What is the tens digit of 6178?
7
What is the hundreds digit of 4269?
2
What is the hundreds digit of 3852?
8
What is the units digit of 1794?
4
What is the hundreds digit of 300?
3
What is the tens digit of 1715?
1
What is the thousands digit of 49317?
9
What is the hundreds digit of 4381?
3
What is the ten thousands digit of 33834?
3
What is the thousands digit of 1036?
1
What is the units digit of 851?
1
What is the hundreds digit of 114?
1
What is the thousands digit of 7484?
7
What is the units digit of 3574?
4
What is the ten thousands digit of 39687?
3
What is the hundreds digit of 1178?
1
What is the tens digit of 637?
3
What is the thousands digit of 5187?
5
What is the thousands digit of 6866?
6
What is the units digit of 5060?
0
What is the thousands digit of 57214?
7
What is the ten thousands digit of 25964?
2
What is the ten thousands digit of 10935?
1
What is the hundreds digit of 85433?
4
What is the ten thousands digit of 16982?
1
What is the units digit of 115556?
6
What is the units digit of 4347?
7
What is the tens digit of 826?
2
What is the ten thousands digit of 96598?
9
What is the ten thousands digit of 13343?
1
What is the units digit of 576?
6
What is the hundreds digit of 3173?
1
What is the hundreds digit of 4589?
5
What is the tens digit of 30863?
6
What is the hundreds digit of 60089?
0
What is the thousands digit of 1806?
1
What is the units digit of 1471?
1
What is the tens digit of 1314?
1
What is the tens digit of 4557?
5
What is the units digit of 8818?
8
What is the thousands digit of 1274?
1
What is the thousands digit of 55261?
5
What is the units digit of 9265?
5
What is the tens digit of 10263?
6
What is the hundreds digit of 857?
8
What is the units digit of 440?
0
What is the hundreds digit of 1084?
0
What is the tens digit of 12254?
5
What is the thousands digit of 1066?
1
What is the tens digit of 1725?
2
What is the tens digit of 128?
2
What is the ten thousands digit of 29333?
2
What is the hundreds digit of 272?
2
What is the tens digit of 2259?
5
What is the ten thousands digit of 10590?
1
What is the thousands digit of 5059?
5
What is the tens digit of 133?
3
What is the hundred thousands digit of 109130?
1
What is the hundreds digit of 4427?
4
What is the thousands digit of 24141?
4
What is the units digit of 13?
3
What is the hundreds digit of 1145?
1
What is the tens digit of 17885?
8
What is the hundreds digit of 965?
9
What is the hundreds digit of